 what is -1696 - 0?
-1696
In base 16, what is 9533 + -4?
952f
In base 12, what is 2 - 64?
-62
In base 15, what is -3b + -3?
-3e
In base 12, what is 1369 + 4?
1371
In base 13, what is 3a - 1?
39
In base 7, what is 1344 + 1?
1345
In base 8, what is 4 + -411?
-405
In base 11, what is 24 - 222?
-1a9
In base 4, what is 301300 - -1?
301301
In base 7, what is -5 - -210?
202
In base 11, what is -39 - 12?
-50
In base 13, what is 4 + 1910?
1914
In base 16, what is 50 + 4c?
9c
In base 5, what is -421 - -40?
-331
In base 16, what is -132c + -5?
-1331
In base 11, what is -10 + 7?
-4
In base 15, what is -131b + 4?
-1317
In base 3, what is 1220021 - -12?
1220110
In base 14, what is dc + 1?
dd
In base 15, what is -25 - -1?
-24
In base 7, what is -22412 - 0?
-22412
In base 3, what is -201011 - 11?
-201022
In base 4, what is 2000230 + 3?
2000233
In base 7, what is -13 + 65?
52
In base 2, what is 11 - -1011011110110?
1011011111001
In base 3, what is -1002 - 2222?
-11001
In base 16, what is -5 + -20?
-25
In base 13, what is 4 - a6?
-a2
In base 11, what is 246 - -4?
24a
In base 10, what is 0 - 969?
-969
In base 11, what is 14 - 139?
-125
In base 8, what is 22 + -7?
13
In base 11, what is -5 + -10?
-15
In base 2, what is -10 - -11001?
10111
In base 7, what is 4 + 336?
343
In base 6, what is 10235 - -4?
10243
In base 11, what is 2 - -42?
44
In base 4, what is 12 + -212330?
-212312
In base 3, what is -201 - -2101?
1200
In base 8, what is 16 - -126?
144
In base 9, what is -217 - 0?
-217
In base 4, what is -1 + -21122?
-21123
In base 12, what is -5 - 58?
-61
In base 11, what is a + -529?
-51a
In base 4, what is -10 + 20300?
20230
In base 8, what is 2 + 200?
202
In base 7, what is 5 - -40223?
40231
In base 9, what is 8 + 1041?
1050
In base 3, what is -1 - 111?
-112
In base 5, what is -123 + -1034?
-1212
In base 3, what is 102 + 10012?
10121
In base 13, what is -3 + -aa2?
-aa5
In base 3, what is 111 - 12?
22
In base 7, what is -4 + -364?
-401
In base 9, what is -5 + -118?
-124
In base 2, what is -10 + 1000010110?
1000010100
In base 4, what is -11 - 123322?
-123333
In base 2, what is -10101 + -101?
-11010
In base 6, what is 5 + 2022?
2031
In base 16, what is 4 - -db?
df
In base 13, what is -18 + 1b?
3
In base 2, what is -10001111 + -100?
-10010011
In base 16, what is -8 + -18c?
-194
In base 11, what is -4 - 71?
-75
In base 11, what is 4 + 1a0?
1a4
In base 13, what is 14 + 0?
14
In base 16, what is -3f - 17?
-56
In base 7, what is -1062 - -14?
-1045
In base 15, what is 1 - cd?
-cc
In base 4, what is 10 + -2223?
-2213
In base 5, what is -3 - -31?
23
In base 12, what is -19 - -7b?
62
In base 4, what is 2201 - 1233?
302
In base 12, what is 164 + -1?
163
In base 5, what is -42 + -11?
-103
In base 14, what is -5 + -912?
-917
In base 14, what is -608 - 0?
-608
In base 6, what is -5 - -4?
-1
In base 11, what is -120 + -4?
-124
In base 3, what is -11002 - 1000?
-12002
In base 5, what is 0 - -234?
234
In base 9, what is 5 - -174?
180
In base 16, what is -293 + -7?
-29a
In base 7, what is 13 + -341?
-325
In base 15, what is -183 - -5?
-17d
In base 16, what is -5cb - 4?
-5cf
In base 6, what is -44 + -10?
-54
In base 13, what is 226 - 4?
222
In base 14, what is -4 - 21?
-25
In base 13, what is -4 + -40?
-44
In base 9, what is 4 + -35?
-31
In base 13, what is 3 + 219?
21c
In base 12, what is -172 + 0?
-172
In base 8, what is -35120 + 0?
-35120
In base 10, what is 2 + -57?
-55
In base 11, what is 491 + -2?
48a
In base 13, what is -114 - -58?
-89
In base 10, what is -23 - 74?
-97
In base 10, what is 1 - 4395?
-4394
In base 4, what is -3230 - 3?
-3233
In base 5, what is 112 + 3340?
4002
In base 4, what is -3 + -131?
-200
In base 10, what is -38 - -134?
96
In base 8, what is -1 + -15?
-16
In base 9, what is -67 - -7?
-60
In base 12, what is 5 + -592?
-589
In base 15, what is -5d80 + -4?
-5d84
In base 10, what is 63 - 4?
59
In base 9, what is 187 + 4?
202
In base 6, what is -2 - -13351?
13345
In base 15, what is 0 - -505?
505
In base 2, what is -1000111100 + 11?
-1000111001
In base 13, what is a806 - 3?
a803
In base 2, what is 10010100 - -100?
10011000
In base 9, what is -11018 + 1?
-11017
In base 14, what is -3 + 8a4?
8a1
In base 3, what is -2 - -12122?
12120
In base 3, what is -211 + 10?
-201
In base 4, what is 102 - -23?
131
In base 8, what is 0 - 27?
-27
In base 2, what is 1100 - -10?
1110
In base 2, what is -100111101 - -1?
-100111100
In base 14, what is -6 + -26?
-2c
In base 13, what is 1062 + -5?
105a
In base 15, what is -4 + 57?
53
In base 15, what is a - e?
-4
In base 2, what is 101 + -1000111?
-1000010
In base 16, what is e7a + 1?
e7b
In base 16, what is -14a + -1?
-14b
In base 14, what is -578 - 3?
-57b
In base 7, what is -4 + -113?
-120
In base 8, what is -2 + -464?
-466
In base 15, what is -571d + -2?
-5720
In base 4, what is -2 - 1131003?
-1131011
In base 15, what is d - 81?
-73
In base 12, what is 78 - -9?
85
In base 16, what is -5 - 4f?
-54
In base 12, what is -13 + -15?
-28
In base 13, what is 2a9c - 3?
2a99
In base 10, what is 3 - 227?
-224
In base 2, what is 100 - -1111111110?
10000000010
In base 6, what is -102 + 2?
-100
In base 4, what is 1 + -20133?
-20132
In base 9, what is -5213 - -1?
-5212
In base 2, what is 1111011010 + -11010?
1111000000
In base 10, what is -1 - -2?
1
In base 14, what is 1 + 186?
187
In base 6, what is -1 + 1051?
1050
In base 15, what is 29 - a?
1e
In base 13, what is -6 - -477?
471
In base 3, what is -11 - -1010?
222
In base 12, what is -31 - -181?
150
In base 7, what is -136 + 3?
-133
In base 15, what is 1 + 427?
428
In base 2, what is -1111 - -101?
-1010
In base 8, what is -7456 - -3?
-7453
In base 8, what is -313 - 53?
-366
In base 9, what is -628 - 2?
-631
In base 11, what is 1 + -37?
-36
In base 11, what is 4 + 65a?
663
In base 2, what is -10 - 11101000?
-11101010
In base 14, what is 75 - -3?
78
In base 10, what is 112 + 6?
118
In base 5, what is 0 - 133?
-133
In base 12, what is -4 + 80?
78
In base 9, what is -2 - -172?
170
In base 7, what is 4 + 11?
15
In base 2, what is -100100001 - -1?
-100100000
In base 12, what is -555 + -4?
-559
In base 14, what is -9 - 2ba?
-2c5
In base 8, what is 2005 - -5?
2012
In base 9, what is -46 - -133?
76
In base 9, what is 8802 - -3?
8805
In base 4, what is -11 + 201?
130
In base 10, what is -52 - 4?
-56
In base 16, what is 2 - -25?
27
In base 10, what is -14 - -19?
5
In base 11, what is -5372 + 1?
-5371
In base 7, what is -46 + 4?
-42
In base 4, what is 123 - -2220?
3003
In base 2, what is 11110111 + 11?
11111010
In base 2, what is 110 + -10000111?
-10000001
In base 6, what is 11 - -104?
115
In base 12, what is 2b32 + 1?
2b33
In base 9, what is -11 + 23?
12
In base 11, what is -33 - -a?
-24
In base 4, what is 101 - -30?
131
In base 13, what is -4 - -cc4?
cc0
In base 11, what is 24 + -30?
-7
In base 8, what is -164 + 3?
-161
In base 16, what is 14 + 6?
1a
In base 13, what is -2 - -7b?
79
In base 6, what is -4 - -523?
515
In base 16, what is 2 - 714?
-712
In base 5, what is 3 + 2132?
2140
In base 9, what is 1 + 583?
584
In base 9, what is -27 + 36?
8
In base 11, what is -7 - 455?
-461
In base 11, what is 40 + 8?
48
In base 15, what is 118d - 1?
118c
In base 9, what is -2 - 103?
-105
In base 11, what is 22 + 5?
27
In base 13, what is 13 + 10b?
121
In base 9, what is 4 + 31?
35
In base 2, what is -101 - 110000?
-110101
In base 4, what is 1 + -2232?
-2231
In base 15, what is db1 - -2?
db3
In base 3, what is -1111 - -222?
-112
In base 15, what is -4d + -c?
-5a
In base 15, what is -9 + -5?
-e
In base 14, what is 7 + 134?
13b
In base 4, what is 2 - 2222?
-2220
In base 9, what is -21 + -17?
-38
In base 4, what is 30 + 10210?
10300
In base 7, what is -1 + 401?
400
In base 9, what is 428 - 10?
418
In base 14, what is -4c2 + 6?
-4ba
In base 5, what is 22 + -14?
3
In base 7, what is -46030 + -4?
-46034
In base 16, what is 7 - -23?
2a
In base 8, what is -234 - 3?
-237
In base 10, what is 86 - -110?
196
In base 14, what is 32 - -28?
5a
In base 2, what is 0 + -1?
-1
In base 13, what is -361 + -34?
-395
In base 8, what is -1050 - -5?
-1043
In base 8, what is 146043 - -4?
146047
In base 16, what is -3 + c?
9
In base 3, what is -102222 + -110?
-110102
In base 4, what is -13 - 131?
-210
In base 8, what is 3 - -165?
170
In